{"id":41,"date":"2011-06-24T19:01:07","date_gmt":"2011-06-24T17:01:07","guid":{"rendered":"http:\/\/www.theobouzige.fr\/sfv\/?page_id=41"},"modified":"2011-06-24T19:01:07","modified_gmt":"2011-06-24T17:01:07","slug":"peinture","status":"publish","type":"page","link":"https:\/\/www.theobouzige.fr\/sfv\/peinture\/","title":{"rendered":"Peinture"},"content":{"rendered":"<p style=\"text-align: center;\"><a href=\"http:\/\/www.theobouzige.fr\/sfv\/wp-content\/uploads\/2011\/07\/photovierzon.png\"><img loading=\"lazy\" decoding=\"async\" class=\"aligncenter\" title=\"Peinture\" src=\"http:\/\/www.theobouzige.fr\/sfv\/wp-content\/uploads\/2011\/07\/photovierzon.png\" alt=\"\" width=\"1920\" height=\"1738\" \/><\/a><\/p>\n<p style=\"text-align: justify;\">Aussi \u00e9trange que \u00e7a puisse para\u00eetre, je peins et j&rsquo;ai peins mes tracteurs <em>(except\u00e9 le 402)<\/em> au rouleau \u00e0 laquer et au pinceau. La raison ? Premi\u00e8rement, on couvre mieux au rouleau <em>(1 couche au rouleau \u00e9quivaut \u00e0 3-4 couches de pistolet)<\/em>, deuxi\u00e8mement, le rouleau ou le pinceau permettent de ne pas cacher les zones que l&rsquo;on ne veut pas peindre, au contraire du pistolet qui envoi des vapeurs de peintures de partout si on ne prot\u00e8ge pas au pr\u00e9alable, pneus, fils, &#8230; sans compter les vapeurs que l&rsquo;on inhale si on ne se prot\u00e8ge pas bien&#8230; Certes le co\u00fbt en peinture est plus \u00e9lev\u00e9 du fait des couches plus importantes de peinture, mais le r\u00e9sultat est que la peinture tient mieux&#8230; Enfin, une bonne peinture au pistolet tient autant, mais rare sont ceux qui ont pris le temps\u00a0d&rsquo;appr\u00eater, et de passer 3-4 couches de peintures au pistolet&#8230; En tous cas, n&rsquo;\u00e9tant pas peintre, je pr\u00e9f\u00e8re faire une bonne peinture au rouleau\/pinceau, qu&rsquo;une mauvaise au pistolet !<\/p>\n<p style=\"text-align: justify;\">Pour le jaune et le vert des Vierzon, je ne m&#8217;emb\u00eate plus avec les RAL ou encore les m\u00e9langes\u00a0durcisseurs,\u00a0dissolvants, &#8230; J&rsquo;ach\u00e8te la peinture toute pr\u00eate chez l&rsquo;Amicale Soci\u00e9t\u00e9 Fran\u00e7aise Vierzon !<\/p>\n","protected":false},"excerpt":{"rendered":"<p>Aussi \u00e9trange que \u00e7a puisse para\u00eetre, je peins et j&rsquo;ai peins mes tracteurs (except\u00e9 le&#8230;<\/p>\n<div class=\"more-link-wrapper\"><a class=\"more-link\" href=\"https:\/\/www.theobouzige.fr\/sfv\/peinture\/\">Read the post<span class=\"screen-reader-text\">Peinture<\/span><\/a><\/div>\n","protected":false},"author":1,"featured_media":0,"parent":0,"menu_order":5,"comment_status":"open","ping_status":"open","template":"","meta":{"footnotes":""},"class_list":["post-41","page","type-page","status-publish","hentry","excerpt","zoom","full-without-featured","even","excerpt-0"],"_links":{"self":[{"href":"https:\/\/www.theobouzige.fr\/sfv\/wp-json\/wp\/v2\/pages\/41"}],"collection":[{"href":"https:\/\/www.theobouzige.fr\/sfv\/wp-json\/wp\/v2\/pages"}],"about":[{"href":"https:\/\/www.theobouzige.fr\/sfv\/wp-json\/wp\/v2\/types\/page"}],"author":[{"embeddable":true,"href":"https:\/\/www.theobouzige.fr\/sfv\/wp-json\/wp\/v2\/users\/1"}],"replies":[{"embeddable":true,"href":"https:\/\/www.theobouzige.fr\/sfv\/wp-json\/wp\/v2\/comments?post=41"}],"version-history":[{"count":0,"href":"https:\/\/www.theobouzige.fr\/sfv\/wp-json\/wp\/v2\/pages\/41\/revisions"}],"wp:attachment":[{"href":"https:\/\/www.theobouzige.fr\/sfv\/wp-json\/wp\/v2\/media?parent=41"}],"curies":[{"name":"wp","href":"https:\/\/api.w.org\/{rel}","templated":true}]}}